12*z - 2*z - 50 = q. What are the prime factors of z?
5
Suppose -1109150 = -90*o + 1038430. What are the prime factors of o?
2, 3, 41, 97
Let n = -3700 + 21692. What are the prime factors of n?
2, 13, 173
Let j be 1/(-6) + 17693/(-78). Let g = 321 + j. List the prime factors of g.
2, 47
Let x be 6/(-21) - (-464)/56. Suppose -54*z - x = -53*z. Let c(q) = 3*q**2 + 7*q + 10. What are the prime factors of c(z)?
2, 73
Let l = -29 + 29. Suppose l = 47*q - 52*q + 1410. List the prime factors of q.
2, 3, 47
Let a be -22 + 9 - (-3 - -2). List the prime factors of a/9*(-354)/4.
2, 59
Suppose -3*d - 54 = -0*p - 2*p, -2*d + 3*p - 36 = 0. List the prime factors of (-3)/(d/(-2)) + (-982)/(-3).
3, 109
Let u be 447/(-5) + 2/5. Suppose -14*p - 1126 = -5*r - 15*p, -3*r - 2*p = -670. Let z = u + r. List the prime factors of z.
137
Suppose 4*j + 6*q = 30172, 3*q = 3*j + 8*q - 22630. List the prime factors of j.
2, 5, 13, 29
Suppose 3*w - 6 + 18 = 0, w - 21905 = -3*f. What are the prime factors of f?
67, 109
Let u(n) = -n + 18. Suppose 2*c - 2*q = 6*c - 48, -2*c = 5*q - 24. Suppose 3*i = -5*k - c, 4 = -0*k - 2*k - i. List the prime factors of u(k).
2, 3
Let u be -151*(-1 + 2)/(-1). Let n = 7389 + -7426. Let p = n + u. What are the prime factors of p?
2, 3, 19
Let l be -341 + 15/3 + -2. Let t be -1 + -4 - (3 - -216). Let r = t - l. What are the prime factors of r?
2, 3, 19
Let b(n) = n**3 + 28*n**2 + 54*n + 36. Let a be b(-24). Let v = a + -437. What are the prime factors of v?
607
Let j(a) = 2*a**3 + 214*a**2 + 4*a - 5*a**3 + 12*a - 186*a**2 + 2*a**3 - 118. List the prime factors of j(28).
2, 3, 5, 11
Let j(u) = u**2 + 78*u + 224. What are the prime factors of j(109)?
3, 6869
Suppose 22596 = -21*v + 2499. Let i = -593 - v. List the prime factors of i.
2, 7, 13
Let w = 53 + -39. Let n(u) = 30 - 51 + w + 29 + 3*u. List the prime factors of n(7).
43
Let y = 2 - 12. Let d = 15 + y. Suppose -5*v = -d*k + 3*k - 768, -2*v + 310 = 2*k. List the prime factors of v.
2, 7, 11
Suppose 3*x = -5*x + 14*x - 29148. What are the prime factors of x?
2, 7, 347
Let j = -5893 - -5894. Let w(n) = -n**2 + 5*n - 4. Let x be w(3). What are the prime factors of 106/j - 4/(0 + x)?
2, 13
Suppose 5*d - 180 = -0*d - 5*y, -3*d = y - 104. Suppose -37*s + d*s + 5706 = 0. What are the prime factors of s?
2, 3, 317
Suppose -14*g + 9*g + 1735 = 0. Suppose -3*s = -208 - g. List the prime factors of s.
5, 37
Let v = 77848 - 53261. What are the prime factors of v?
23, 1069
Suppose -5*d = -2*d, -5*w + 4*d = -20. Suppose -12*q = -w*q - 864. List the prime factors of q.
2, 3
Suppose -5*n + 16 = 3*d, -4*n - 12 = -4*d - 6*n. Let p(f) = -8*f**2 + 17*f**d - 4*f + 2 + 46*f**2 + 12*f**2. List the prime factors of p(1).
5, 13
What are the prime factors of 641/(-2)*(-1 + -5)?
3, 641
Let w(y) be the second derivative of 0 + 20*y - y**2 + 11/3*y**3. List the prime factors of w(1).
2, 5
Let g = 21167 + -12572. What are the prime factors of g?
3, 5, 191
Suppose 5*a = -3*q + 18, 5*a - 6 = 2*q - 18. Suppose -q*y = -5*y. Suppose 14*i - 11*i - 57 = y. What are the prime factors of i?
19
Let f = -33 + -751. Let c = -84 - f. List the prime factors of c.
2, 5, 7
Suppose -6*c + 50 = 4*c. Suppose 4*j = -c*x - 0*j + 5454, -4*x + 4*j = -4356. Suppose 215 = 5*d - x. What are the prime factors of d?
3, 29
Let f = 367 - 363. Let r(n) = -n**2 + 11*n + 5. Let o be r(6). Let w = f + o. What are the prime factors of w?
3, 13
Let j(m) = -1. Let q(h) = -h**2 + 13*h + 18. Let v(l) = 4*j(l) - q(l). Let r = -2766 - -2783. List the prime factors of v(r).
2, 23
Suppose 3*b - 46 = -34. Suppose -b = j, -q - 5*j + 29 = 1. Let x = q + 44. What are the prime factors of x?
2, 23
What are the prime factors of 26481/15*(158 - 133)?
5, 7, 13, 97
Suppose 679*s + 121698 = 697*s. List the prime factors of s.
6761
Suppose -2*n = -n - 2*t - 11, 3*n = -2*t + 17. Let o(b) = 2*b**2 - 6*b - 11. Let a be o(n). List the prime factors of ((-72)/a)/(4/(-70)).
2, 7
Let c be (84/168)/(1/6). Suppose 5*o - c*w = 105, -86 = -17*o + 13*o + 2*w. List the prime factors of o.
2, 3
Suppose 85 - 40 = 5*m. Suppose -1304 - 3007 = -m*h. What are the prime factors of h?
479
What are the prime factors of (-15)/(225/30)*-6182?
2, 11, 281
Let z be ((-21)/(-6) - 2)*2. Suppose z*a = -5*b + 2995, 3*b = 3*a - b - 2950. Suppose 0 = 10*h - a - 450. List the prime factors of h.
2, 3
Suppose 10*w = 1653 - 613. Suppose -3*d + 1411 = -w. List the prime factors of d.
5, 101
Let d be (-3)/(-33) + 1 + (-550602)/(-33). Suppose -59085 = -21*a - d. List the prime factors of a.
3, 673
Suppose 5*w = -3*y + 51875, -3*w + 3202 = -2*y + 37760. List the prime factors of y.
5, 3457
List the prime factors of (8 + -33 - 7)/(3 - (-9175)/(-3055)).
2, 13, 47
Let a(h) = 480*h**3 - 58*h**3 - 1 + 4*h**2 + 110*h**3 + 2 - 2*h. List the prime factors of a(1).
5, 107
Let l = 403 + -401. Suppose l*g - 2*v - 176 = 0, 100 = 33*g - 32*g + 5*v. What are the prime factors of g?
2, 3, 5
Let s = 6692 + -3727. List the prime factors of s.
5, 593
Let a be ((-10)/(40/7))/((-2)/8). Suppose 11*c - 6066 = -a*c. What are the prime factors of c?
337
List the prime factors of 166*((-176)/8 - -102).
2, 5, 83
Suppose 0 = -0*p + 18*p - 41526. Suppose 501 = 24*y - p. What are the prime factors of y?
3, 13
List the prime factors of ((-82908)/(-105))/((-4)/(-350)*7).
2, 3, 5, 7, 47
Let k(i) = 159 - 234*i + 199*i - 6*i**2 + 5*i**2. What are the prime factors of k(-29)?
3, 37
What are the prime factors of 34/(-11) - -3 - (-2726552)/44?
61967
Let f = 19177 - 1991. What are the prime factors of f?
2, 13, 661
Suppose 3*c - f = -138, 2*c + 2*f + 174 = -2*c. Let p = c + 263. Suppose 4*j = p + 210. What are the prime factors of j?
107
Let c(b) = -21*b + 425. Let t be c(0). Let l = t - 347. What are the prime factors of l?
2, 3, 13
What are the prime factors of ((-2756)/5)/((-54)/(-120)*-12 - -5)?
2, 13, 53
Let t = -7330 - -10860. List the prime factors of t.
2, 5, 353
Let l = -4516 - -4513. Let a(s) be the third derivative of s**5/4 - s**4/4 + 2*s**3/3 + s**2. What are the prime factors of a(l)?
157
Suppose -5*f - 7*q + 5574 = -4*f, -4*f + 22136 = -4*q. List the prime factors of f.
29, 191
Let y(z) = 179*z**2 + 70*z - 14. List the prime factors of y(-5).
4111
Let p be 6/(-4)*(-28)/21. Suppose 3*x + z = 10, -5 = x + 4*z - p*z. Suppose 0 = -2*b + 4*l, x*l - 4*l = 5*b - 9. List the prime factors of b.
2
Suppose 0 = y - 243 - 1416. Let s = -991 + y. What are the prime factors of s?
2, 167
Suppose 3*a + 4*y - 17657 = 32940, 3*y = a - 16857. List the prime factors of a.
3, 7, 11, 73
Let g = -2179 - -4371. Suppose -4*w + g = -4*q, 0 = -3*w + 3*q - 6*q + 1620. List the prime factors of w.
2, 17
Let a = -35 + 34. Suppose 0 = -5*m + 5*t - 85, 3*t + 31 = -2*m + 4*t. What are the prime factors of -1 + a + (m - -281)?
5, 53
Suppose 4*y = 1311 + 2105. Let p = y + -308. Suppose -5*i + 15 = 0, p = 4*r - r + 3*i. List the prime factors of r.
179
Let s(t) = 5*t**2 - 76*t - 478. List the prime factors of s(-10).
2, 17, 23
Let k = -73513 + 115344. List the prime factors of k.
59, 709
Let m(c) = -20*c + 24. Let p be m(2). What are the prime factors of (2 + 666/(-12))/(2/p)?
2, 107
List the prime factors of (-22)/(-6) + -5 + 24652/3.
2, 13, 79
Let t(w) = 68*w - 1829. What are the prime factors of t(93)?
5, 29, 31
Let c = 68882 + -46943. List the prime factors of c.
3, 71, 103
Let l(j) = -j**2 + 1. Let p(y) = -4*y**2 + 11*y + 29. Let i(x) = 3*l(x) - p(x). Let b be i(13). Suppose b = 14*m - 9*m - 305. List the prime factors of m.
61
Suppose 3*z + 4*t + 110 = 5*t, 5*t - 132 = 4*z. Let c = z + -1. Let j = c + 101. What are the prime factors of j?
2, 31
Let j = -861 + 2581. Suppose -5*a - 15*a = -j. What are the prime factors of a?
2, 43
Let z be (-2 - -7 - -1)/1. Suppose -2*t + z*t = -24. List the prime factors of (4/t)/(9/((-891)/2)).
3, 11
Let i(l) = l**3 + 4*l**2 + 3. Let r be i(-4). Let o be (2/r)/(-2 + (-16)/(-9)). What are the prime factors of ((-1)/(-1))/o - (-565)/3?
2, 47
Let p(f) = 2*f**3 - 3*f**2. Let h be p(2). Suppose b = 146 + 60. Suppose -i - o = -218, h*o = 2*i - b - 218. List the prime factors of i.
2, 3
Let u be (2/(-8))/(644/(-80) - -8). Suppose 16 + 28 = 3*s - u*l, -l + 74 = 3*s. Suppose -1500 = 13*x - s*x. What are the prime factors of x?
2, 3, 